{"id":117,"date":"2023-09-21T12:03:32","date_gmt":"2023-09-21T10:03:32","guid":{"rendered":"https:\/\/dm-tek.fr\/?page_id=117"},"modified":"2023-09-27T09:52:04","modified_gmt":"2023-09-27T07:52:04","slug":"notre-histoire","status":"publish","type":"page","link":"https:\/\/dm-tek.fr\/index.php\/qui-sommes-nous\/notre-histoire\/","title":{"rendered":"Pr\u00e9sentation"},"content":{"rendered":"\n<p><strong><img loading=\"lazy\" decoding=\"async\" width=\"139\" height=\"37\" class=\"alignnone wp-image-194 \" src=\"https:\/\/dm-tek.fr\/wp-content\/uploads\/2023\/09\/LOGO-FINAL-RVB-TEXT-300x80.png\" alt=\"\" srcset=\"https:\/\/dm-tek.fr\/wp-content\/uploads\/2023\/09\/LOGO-FINAL-RVB-TEXT-300x80.png 300w, https:\/\/dm-tek.fr\/wp-content\/uploads\/2023\/09\/LOGO-FINAL-RVB-TEXT-1024x273.png 1024w, https:\/\/dm-tek.fr\/wp-content\/uploads\/2023\/09\/LOGO-FINAL-RVB-TEXT-768x205.png 768w, https:\/\/dm-tek.fr\/wp-content\/uploads\/2023\/09\/LOGO-FINAL-RVB-TEXT-1536x410.png 1536w, https:\/\/dm-tek.fr\/wp-content\/uploads\/2023\/09\/LOGO-FINAL-RVB-TEXT-2048x546.png 2048w\" sizes=\"auto, (max-width: 139px) 100vw, 139px\" \/><\/strong> est une entreprise cr\u00e9\u00e9e en Ao\u00fbt 2023 par un groupe de distributeurs ind\u00e9pendants passionn\u00e9s, sp\u00e9cialis\u00e9s depuis plusieurs dizaines d\u2019ann\u00e9es dans la vente, l\u2019installation et la maintenance de mat\u00e9riels d\u2019Imagerie M\u00e9dicale.<br><\/p>\n\n\n\n<ul class=\"wp-block-list\">\n<li>L\u2019\u00e9quipe&nbsp;: 3 commerciaux, 5 techniciens sp\u00e9cialistes de l\u2019Imagerie M\u00e9dicale moderne, 1 sp\u00e9cialiste \u00ab&nbsp;software&nbsp;\u00bb.<br><br><\/li>\n\n\n\n<li>L\u2019objectif&nbsp;: l\u2019EXCELLENCE EN MAMMOGRAPHIE pour nos clients et leurs patient(e)s.<br><br><\/li>\n\n\n\n<li>L\u2019ambition&nbsp;: devenir un acteur majeur dans le domaine de la mammographie digitale haut de gamme en France.<br><br><\/li>\n\n\n\n<li>Les moyens&nbsp;:<br>\n<ul class=\"wp-block-list\">\n<li>Offrir un mat\u00e9riel disposant&nbsp;:\n<ol class=\"wp-block-list\">\n<li>Des meilleures technologies disponibles<\/li>\n\n\n\n<li>D\u2019une tr\u00e8s haute qualit\u00e9 d\u2019image \u00e0 tr\u00e8s faible dose<\/li>\n\n\n\n<li>D\u2019une extr\u00eame fiabilit\u00e9<\/li>\n\n\n\n<li>D\u2019une grande facilit\u00e9 d\u2019utilisation<\/li>\n\n\n\n<li>D\u2019innovations permettant de r\u00e9duire le stress et l\u2019inconfort des patient(e)s<br><\/li>\n<\/ol>\n<\/li>\n\n\n\n<li>Une \u00e9quipe support SAV r\u00e9active et efficace, disponible de 8h00 \u00e0 20h00 du lundi au vendredi<br><\/li>\n\n\n\n<li>Des prix coh\u00e9rents et des solutions de financement adapt\u00e9es \u00e0 la situation et aux besoins de chacun<br><br><br><\/li>\n<\/ul>\n<\/li>\n\n\n\n<li>&nbsp;&nbsp;La couverture g\u00e9ographique&nbsp;:<\/li>\n<\/ul>\n\n\n<div class=\"wp-block-image\">\n<figure class=\"aligncenter size-full\"><img loading=\"lazy\" decoding=\"async\" width=\"959\" height=\"898\" src=\"https:\/\/dm-tek.fr\/wp-content\/uploads\/2023\/09\/image-1.png\" alt=\"\" class=\"wp-image-217\" srcset=\"https:\/\/dm-tek.fr\/wp-content\/uploads\/2023\/09\/image-1.png 959w, https:\/\/dm-tek.fr\/wp-content\/uploads\/2023\/09\/image-1-300x281.png 300w, https:\/\/dm-tek.fr\/wp-content\/uploads\/2023\/09\/image-1-768x719.png 768w\" sizes=\"auto, (max-width: 959px) 100vw, 959px\" \/><\/figure>\n<\/div>","protected":false},"excerpt":{"rendered":"<p>est une entreprise cr\u00e9\u00e9e en Ao\u00fbt 2023 par un groupe de distributeurs ind\u00e9pendants passionn\u00e9s, sp\u00e9cialis\u00e9s depuis plusieurs dizaines d\u2019ann\u00e9es dans la vente, l\u2019installation et la maintenance de mat\u00e9riels d\u2019Imagerie M\u00e9dicale.<\/p>\n","protected":false},"author":1,"featured_media":0,"parent":19,"menu_order":0,"comment_status":"closed","ping_status":"closed","template":"","meta":{"_uag_custom_page_level_css":"","footnotes":""},"class_list":["post-117","page","type-page","status-publish","hentry"],"yoast_head":"<!-- This site is optimized with the Yoast SEO plugin v27.4 - https:\/\/yoast.com\/product\/yoast-seo-wordpress\/ -->\n<title>Pr\u00e9sentation - Dm-tek<\/title>\n<meta name=\"robots\" content=\"index, follow, max-snippet:-1, max-image-preview:large, max-video-preview:-1\" \/>\n<link rel=\"canonical\" href=\"https:\/\/dm-tek.fr\/index.php\/qui-sommes-nous\/notre-histoire\/\" \/>\n<meta property=\"og:locale\" content=\"fr_FR\" \/>\n<meta property=\"og:type\" content=\"article\" \/>\n<meta property=\"og:title\" content=\"Pr\u00e9sentation - Dm-tek\" \/>\n<meta property=\"og:description\" content=\"est une entreprise cr\u00e9\u00e9e en Ao\u00fbt 2023 par un groupe de distributeurs ind\u00e9pendants passionn\u00e9s, sp\u00e9cialis\u00e9s depuis plusieurs dizaines d\u2019ann\u00e9es dans la vente, l\u2019installation et la maintenance de mat\u00e9riels d\u2019Imagerie M\u00e9dicale.\" \/>\n<meta property=\"og:url\" content=\"https:\/\/dm-tek.fr\/index.php\/qui-sommes-nous\/notre-histoire\/\" \/>\n<meta property=\"og:site_name\" content=\"Dm-tek\" \/>\n<meta property=\"article:modified_time\" content=\"2023-09-27T07:52:04+00:00\" \/>\n<meta property=\"og:image\" content=\"https:\/\/dm-tek.fr\/wp-content\/uploads\/2023\/09\/LOGO-FINAL-RVB-TEXT-300x80.png\" \/>\n<meta name=\"twitter:card\" content=\"summary_large_image\" \/>\n<meta name=\"twitter:label1\" content=\"Dur\u00e9e de lecture estim\u00e9e\" \/>\n\t<meta name=\"twitter:data1\" content=\"1 minute\" \/>\n<script type=\"application\/ld+json\" class=\"yoast-schema-graph\">{\"@context\":\"https:\\\/\\\/schema.org\",\"@graph\":[{\"@type\":\"WebPage\",\"@id\":\"https:\\\/\\\/dm-tek.fr\\\/index.php\\\/qui-sommes-nous\\\/notre-histoire\\\/\",\"url\":\"https:\\\/\\\/dm-tek.fr\\\/index.php\\\/qui-sommes-nous\\\/notre-histoire\\\/\",\"name\":\"Pr\u00e9sentation - Dm-tek\",\"isPartOf\":{\"@id\":\"https:\\\/\\\/dm-tek.fr\\\/#website\"},\"primaryImageOfPage\":{\"@id\":\"https:\\\/\\\/dm-tek.fr\\\/index.php\\\/qui-sommes-nous\\\/notre-histoire\\\/#primaryimage\"},\"image\":{\"@id\":\"https:\\\/\\\/dm-tek.fr\\\/index.php\\\/qui-sommes-nous\\\/notre-histoire\\\/#primaryimage\"},\"thumbnailUrl\":\"https:\\\/\\\/dm-tek.fr\\\/wp-content\\\/uploads\\\/2023\\\/09\\\/LOGO-FINAL-RVB-TEXT-300x80.png\",\"datePublished\":\"2023-09-21T10:03:32+00:00\",\"dateModified\":\"2023-09-27T07:52:04+00:00\",\"breadcrumb\":{\"@id\":\"https:\\\/\\\/dm-tek.fr\\\/index.php\\\/qui-sommes-nous\\\/notre-histoire\\\/#breadcrumb\"},\"inLanguage\":\"fr-FR\",\"potentialAction\":[{\"@type\":\"ReadAction\",\"target\":[\"https:\\\/\\\/dm-tek.fr\\\/index.php\\\/qui-sommes-nous\\\/notre-histoire\\\/\"]}]},{\"@type\":\"ImageObject\",\"inLanguage\":\"fr-FR\",\"@id\":\"https:\\\/\\\/dm-tek.fr\\\/index.php\\\/qui-sommes-nous\\\/notre-histoire\\\/#primaryimage\",\"url\":\"https:\\\/\\\/dm-tek.fr\\\/wp-content\\\/uploads\\\/2023\\\/09\\\/LOGO-FINAL-RVB-TEXT.png\",\"contentUrl\":\"https:\\\/\\\/dm-tek.fr\\\/wp-content\\\/uploads\\\/2023\\\/09\\\/LOGO-FINAL-RVB-TEXT.png\",\"width\":7087,\"height\":1890},{\"@type\":\"BreadcrumbList\",\"@id\":\"https:\\\/\\\/dm-tek.fr\\\/index.php\\\/qui-sommes-nous\\\/notre-histoire\\\/#breadcrumb\",\"itemListElement\":[{\"@type\":\"ListItem\",\"position\":1,\"name\":\"Accueil\",\"item\":\"https:\\\/\\\/dm-tek.fr\\\/\"},{\"@type\":\"ListItem\",\"position\":2,\"name\":\"Qui sommes nous ?\",\"item\":\"https:\\\/\\\/dm-tek.fr\\\/index.php\\\/qui-sommes-nous\\\/\"},{\"@type\":\"ListItem\",\"position\":3,\"name\":\"Pr\u00e9sentation\"}]},{\"@type\":\"WebSite\",\"@id\":\"https:\\\/\\\/dm-tek.fr\\\/#website\",\"url\":\"https:\\\/\\\/dm-tek.fr\\\/\",\"name\":\"DM-tek\",\"description\":\"L&#039;excellence en mammographie\",\"publisher\":{\"@id\":\"https:\\\/\\\/dm-tek.fr\\\/#organization\"},\"potentialAction\":[{\"@type\":\"SearchAction\",\"target\":{\"@type\":\"EntryPoint\",\"urlTemplate\":\"https:\\\/\\\/dm-tek.fr\\\/?s={search_term_string}\"},\"query-input\":{\"@type\":\"PropertyValueSpecification\",\"valueRequired\":true,\"valueName\":\"search_term_string\"}}],\"inLanguage\":\"fr-FR\"},{\"@type\":\"Organization\",\"@id\":\"https:\\\/\\\/dm-tek.fr\\\/#organization\",\"name\":\"Dm-tek\",\"url\":\"https:\\\/\\\/dm-tek.fr\\\/\",\"logo\":{\"@type\":\"ImageObject\",\"inLanguage\":\"fr-FR\",\"@id\":\"https:\\\/\\\/dm-tek.fr\\\/#\\\/schema\\\/logo\\\/image\\\/\",\"url\":\"https:\\\/\\\/dm-tek.fr\\\/wp-content\\\/uploads\\\/2023\\\/09\\\/cropped-LOGO-FINAL-RVB.png\",\"contentUrl\":\"https:\\\/\\\/dm-tek.fr\\\/wp-content\\\/uploads\\\/2023\\\/09\\\/cropped-LOGO-FINAL-RVB.png\",\"width\":240,\"height\":149,\"caption\":\"Dm-tek\"},\"image\":{\"@id\":\"https:\\\/\\\/dm-tek.fr\\\/#\\\/schema\\\/logo\\\/image\\\/\"},\"sameAs\":[\"https:\\\/\\\/www.linkedin.com\\\/company\\\/dm-tek\"]}]}<\/script>\n<!-- \/ Yoast SEO plugin. -->","yoast_head_json":{"title":"Pr\u00e9sentation - Dm-tek","robots":{"index":"index","follow":"follow","max-snippet":"max-snippet:-1","max-image-preview":"max-image-preview:large","max-video-preview":"max-video-preview:-1"},"canonical":"https:\/\/dm-tek.fr\/index.php\/qui-sommes-nous\/notre-histoire\/","og_locale":"fr_FR","og_type":"article","og_title":"Pr\u00e9sentation - Dm-tek","og_description":"est une entreprise cr\u00e9\u00e9e en Ao\u00fbt 2023 par un groupe de distributeurs ind\u00e9pendants passionn\u00e9s, sp\u00e9cialis\u00e9s depuis plusieurs dizaines d\u2019ann\u00e9es dans la vente, l\u2019installation et la maintenance de mat\u00e9riels d\u2019Imagerie M\u00e9dicale.","og_url":"https:\/\/dm-tek.fr\/index.php\/qui-sommes-nous\/notre-histoire\/","og_site_name":"Dm-tek","article_modified_time":"2023-09-27T07:52:04+00:00","og_image":[{"url":"https:\/\/dm-tek.fr\/wp-content\/uploads\/2023\/09\/LOGO-FINAL-RVB-TEXT-300x80.png","type":"","width":"","height":""}],"twitter_card":"summary_large_image","twitter_misc":{"Dur\u00e9e de lecture estim\u00e9e":"1 minute"},"schema":{"@context":"https:\/\/schema.org","@graph":[{"@type":"WebPage","@id":"https:\/\/dm-tek.fr\/index.php\/qui-sommes-nous\/notre-histoire\/","url":"https:\/\/dm-tek.fr\/index.php\/qui-sommes-nous\/notre-histoire\/","name":"Pr\u00e9sentation - Dm-tek","isPartOf":{"@id":"https:\/\/dm-tek.fr\/#website"},"primaryImageOfPage":{"@id":"https:\/\/dm-tek.fr\/index.php\/qui-sommes-nous\/notre-histoire\/#primaryimage"},"image":{"@id":"https:\/\/dm-tek.fr\/index.php\/qui-sommes-nous\/notre-histoire\/#primaryimage"},"thumbnailUrl":"https:\/\/dm-tek.fr\/wp-content\/uploads\/2023\/09\/LOGO-FINAL-RVB-TEXT-300x80.png","datePublished":"2023-09-21T10:03:32+00:00","dateModified":"2023-09-27T07:52:04+00:00","breadcrumb":{"@id":"https:\/\/dm-tek.fr\/index.php\/qui-sommes-nous\/notre-histoire\/#breadcrumb"},"inLanguage":"fr-FR","potentialAction":[{"@type":"ReadAction","target":["https:\/\/dm-tek.fr\/index.php\/qui-sommes-nous\/notre-histoire\/"]}]},{"@type":"ImageObject","inLanguage":"fr-FR","@id":"https:\/\/dm-tek.fr\/index.php\/qui-sommes-nous\/notre-histoire\/#primaryimage","url":"https:\/\/dm-tek.fr\/wp-content\/uploads\/2023\/09\/LOGO-FINAL-RVB-TEXT.png","contentUrl":"https:\/\/dm-tek.fr\/wp-content\/uploads\/2023\/09\/LOGO-FINAL-RVB-TEXT.png","width":7087,"height":1890},{"@type":"BreadcrumbList","@id":"https:\/\/dm-tek.fr\/index.php\/qui-sommes-nous\/notre-histoire\/#breadcrumb","itemListElement":[{"@type":"ListItem","position":1,"name":"Accueil","item":"https:\/\/dm-tek.fr\/"},{"@type":"ListItem","position":2,"name":"Qui sommes nous ?","item":"https:\/\/dm-tek.fr\/index.php\/qui-sommes-nous\/"},{"@type":"ListItem","position":3,"name":"Pr\u00e9sentation"}]},{"@type":"WebSite","@id":"https:\/\/dm-tek.fr\/#website","url":"https:\/\/dm-tek.fr\/","name":"DM-tek","description":"L&#039;excellence en mammographie","publisher":{"@id":"https:\/\/dm-tek.fr\/#organization"},"potentialAction":[{"@type":"SearchAction","target":{"@type":"EntryPoint","urlTemplate":"https:\/\/dm-tek.fr\/?s={search_term_string}"},"query-input":{"@type":"PropertyValueSpecification","valueRequired":true,"valueName":"search_term_string"}}],"inLanguage":"fr-FR"},{"@type":"Organization","@id":"https:\/\/dm-tek.fr\/#organization","name":"Dm-tek","url":"https:\/\/dm-tek.fr\/","logo":{"@type":"ImageObject","inLanguage":"fr-FR","@id":"https:\/\/dm-tek.fr\/#\/schema\/logo\/image\/","url":"https:\/\/dm-tek.fr\/wp-content\/uploads\/2023\/09\/cropped-LOGO-FINAL-RVB.png","contentUrl":"https:\/\/dm-tek.fr\/wp-content\/uploads\/2023\/09\/cropped-LOGO-FINAL-RVB.png","width":240,"height":149,"caption":"Dm-tek"},"image":{"@id":"https:\/\/dm-tek.fr\/#\/schema\/logo\/image\/"},"sameAs":["https:\/\/www.linkedin.com\/company\/dm-tek"]}]}},"uagb_featured_image_src":{"full":false,"thumbnail":false,"medium":false,"medium_large":false,"large":false,"1536x1536":false,"2048x2048":false,"vw-landing-page-homepage-thumb":false},"uagb_author_info":{"display_name":"admin7356","author_link":"https:\/\/dm-tek.fr\/index.php\/author\/admin7356\/"},"uagb_comment_info":0,"uagb_excerpt":"est une entreprise cr\u00e9\u00e9e en Ao\u00fbt 2023 par un groupe de distributeurs ind\u00e9pendants passionn\u00e9s, sp\u00e9cialis\u00e9s depuis plusieurs dizaines d\u2019ann\u00e9es dans la vente, l\u2019installation et la maintenance de mat\u00e9riels d\u2019Imagerie M\u00e9dicale.","_links":{"self":[{"href":"https:\/\/dm-tek.fr\/index.php\/wp-json\/wp\/v2\/pages\/117","targetHints":{"allow":["GET"]}}],"collection":[{"href":"https:\/\/dm-tek.fr\/index.php\/wp-json\/wp\/v2\/pages"}],"about":[{"href":"https:\/\/dm-tek.fr\/index.php\/wp-json\/wp\/v2\/types\/page"}],"author":[{"embeddable":true,"href":"https:\/\/dm-tek.fr\/index.php\/wp-json\/wp\/v2\/users\/1"}],"replies":[{"embeddable":true,"href":"https:\/\/dm-tek.fr\/index.php\/wp-json\/wp\/v2\/comments?post=117"}],"version-history":[{"count":10,"href":"https:\/\/dm-tek.fr\/index.php\/wp-json\/wp\/v2\/pages\/117\/revisions"}],"predecessor-version":[{"id":218,"href":"https:\/\/dm-tek.fr\/index.php\/wp-json\/wp\/v2\/pages\/117\/revisions\/218"}],"up":[{"embeddable":true,"href":"https:\/\/dm-tek.fr\/index.php\/wp-json\/wp\/v2\/pages\/19"}],"wp:attachment":[{"href":"https:\/\/dm-tek.fr\/index.php\/wp-json\/wp\/v2\/media?parent=117"}],"curies":[{"name":"wp","href":"https:\/\/api.w.org\/{rel}","templated":true}]}}